{"id":988,"date":"2018-08-29T14:26:54","date_gmt":"2018-08-29T17:26:54","guid":{"rendered":"https:\/\/ens2-caba.infd.edu.ar\/sitio\/datos-institucionales\/"},"modified":"2020-07-05T16:13:02","modified_gmt":"2020-07-05T19:13:02","slug":"datos-institucionales","status":"publish","type":"page","link":"https:\/\/ens2-caba.infd.edu.ar\/sitio\/datos-institucionales\/","title":{"rendered":"Datos institucionales"},"content":{"rendered":"<blockquote>\n<p style=\"text-align: center;\"><span style=\"font-family: verdana;\"><span style=\"font-size: 12pt;\"><strong>Escuela Normal Superior en Lenguas Vivas N\u00ba2 \u00abMariano Acosta\u00bb<br \/>\n<\/strong><\/span><\/span><\/p>\n<ul>\n<li><span style=\"font-family: verdana; font-size: 10pt;\">Horarios de atenci\u00f3n de Secretar\u00eda:<br \/>\n<\/span><span style=\"font-family: verdana; font-size: 10pt;\">8:00 a 11:00<br \/>\n14:00 a 16:00<br \/>\n19:00 a 21:00<br \/>\n<\/span><\/li>\n<li><span style=\"font-family: verdana; font-size: 10pt;\">Direcci\u00f3n:<br \/>\n<\/span><span style=\"font-family: verdana; font-size: 10pt;\">Urquiza 277 &#8211; Moreno 3117<br \/>\nCP 1215<br \/>\nCiudad Aut\u00f3noma de Buenos Aires &#8211; Argentina<br \/>\n<\/span><\/li>\n<li><span style=\"font-family: verdana; font-size: 10pt;\">Tel\u00e9fono: (54 &#8211; 11) 4931-7981<\/span><\/li>\n<li><span style=\"font-size: 10pt;\">Consultas Nivel Inicial\u00a0 \u00a0 \u00a04931 7981 de 8 a 11 y de 14 a 17.\u00a0 \u00a0consultasinicialens2@gmail.com<\/span><\/li>\n<li><span style=\"font-size: 10pt;\">Consultas Nivel Primario: 4931-7893 de 8 a 11 y de 14 a 17.\u00a0 \u00a0\u00a0consultasprimariaens2@gmail.com<\/span><\/li>\n<li><span style=\"font-size: 10pt;\">Consultas Nivel Medio \u00a0 \u00a0 4931 7981 de 8 a 11 y de 14 a 17.\u00a0 \u00a0consultassecundariaens2@gmail.com<\/span><\/li>\n<li><span style=\"font-size: 10pt;\">Consultas Nivel Terciario \u00a04931 7981 de 19 a 21.\u00a0 ens2regencia@gmail.com<\/span><\/li>\n<li><span style=\"font-family: verdana; font-size: 10pt;\">URL:<a> http:\/\/ens2.caba.infd.edu.ar\/sitio\/<br \/>\n<\/a><\/span><\/li>\n<\/ul>\n<div><\/div>\n<p><span style=\"font-family: verdana;\"><span style=\"font-size: 13.3333330154419px;\">\u00a0<\/span><\/span><\/p><\/blockquote>\n","protected":false},"excerpt":{"rendered":"<p>Escuela Normal Superior en Lenguas Vivas N\u00ba2 \u00abMariano Acosta\u00bb Horarios de atenci\u00f3n de Secretar\u00eda: 8:00 a 11:00 14:00 a 16:00 19:00 a 21:00 Direcci\u00f3n: Urquiza 277 &#8211; Moreno 3117 CP 1215 Ciudad Aut\u00f3noma de Buenos Aires &#8211; Argentina Tel\u00e9fono: (54 &#8211; 11) 4931-7981 Consultas Nivel Inicial\u00a0 \u00a0 \u00a04931 7981 de 8 a 11 y de &#8230; <a title=\"Datos institucionales\" class=\"read-more\" href=\"https:\/\/ens2-caba.infd.edu.ar\/sitio\/datos-institucionales\/\" aria-label=\"More on Datos institucionales\">[+]<\/a><\/p>\n","protected":false},"author":1088,"featured_media":0,"parent":0,"menu_order":0,"comment_status":"closed","ping_status":"closed","template":"","meta":[],"acf":[],"_links":{"self":[{"href":"https:\/\/ens2-caba.infd.edu.ar\/sitio\/wp-json\/wp\/v2\/pages\/988"}],"collection":[{"href":"https:\/\/ens2-caba.infd.edu.ar\/sitio\/wp-json\/wp\/v2\/pages"}],"about":[{"href":"https:\/\/ens2-caba.infd.edu.ar\/sitio\/wp-json\/wp\/v2\/types\/page"}],"author":[{"embeddable":true,"href":"https:\/\/ens2-caba.infd.edu.ar\/sitio\/wp-json\/wp\/v2\/users\/1088"}],"replies":[{"embeddable":true,"href":"https:\/\/ens2-caba.infd.edu.ar\/sitio\/wp-json\/wp\/v2\/comments?post=988"}],"version-history":[{"count":4,"href":"https:\/\/ens2-caba.infd.edu.ar\/sitio\/wp-json\/wp\/v2\/pages\/988\/revisions"}],"predecessor-version":[{"id":2657,"href":"https:\/\/ens2-caba.infd.edu.ar\/sitio\/wp-json\/wp\/v2\/pages\/988\/revisions\/2657"}],"wp:attachment":[{"href":"https:\/\/ens2-caba.infd.edu.ar\/sitio\/wp-json\/wp\/v2\/media?parent=988"}],"curies":[{"name":"wp","href":"https:\/\/api.w.org\/{rel}","templated":true}]}}