{"id":1767,"date":"2019-04-11T00:01:29","date_gmt":"2019-04-11T03:01:29","guid":{"rendered":"https:\/\/ens2-caba.infd.edu.ar\/sitio\/?page_id=1767"},"modified":"2019-10-25T15:55:00","modified_gmt":"2019-10-25T18:55:00","slug":"concurso-de-fotografia","status":"publish","type":"page","link":"https:\/\/ens2-caba.infd.edu.ar\/sitio\/concurso-de-fotografia\/","title":{"rendered":"Post\u00edtulo de Especializaci\u00f3n Docente en Pol\u00edticas de Infancia"},"content":{"rendered":"<h4 style=\"text-align: center;\"><em>\u00a0<\/em><\/h4>\n<p style=\"text-align: center;\">Este\u00a0<strong>s\u00e1bado 26\/10\u00a0<\/strong>a las\u00a0<strong>9hs\u00a0<\/strong>comienza la\u00a0<strong>primera clase del Post\u00edtulo \u00abPol\u00edticas de Infancia\u00bb.<\/strong><\/p>\n<p style=\"text-align: center;\">Este encuentro se realizar\u00e1 en la\u00a0<strong>UMET\u00a0<\/strong>(Sarmiento 2037, subsuelo).<\/p>\n<p style=\"text-align: center;\">\u00a1Bienvenides!<\/p>\n<p style=\"text-align: center;\">Equipo Pedag\u00f3gico<\/p>\n<p><img decoding=\"async\" loading=\"lazy\" class=\"aligncenter  wp-image-2103\" src=\"https:\/\/ens2-caba.infd.edu.ar\/sitio\/wp-content\/uploads\/2019\/10\/Inicio-Cohorte-Post\u00edtulo-2019-2020-714x1000.jpeg\" alt=\"\" width=\"598\" height=\"838\" srcset=\"https:\/\/ens2-caba.infd.edu.ar\/sitio\/wp-content\/uploads\/2019\/10\/Inicio-Cohorte-Post\u00edtulo-2019-2020-714x1000.jpeg 714w, https:\/\/ens2-caba.infd.edu.ar\/sitio\/wp-content\/uploads\/2019\/10\/Inicio-Cohorte-Post\u00edtulo-2019-2020-768x1076.jpeg 768w, https:\/\/ens2-caba.infd.edu.ar\/sitio\/wp-content\/uploads\/2019\/10\/Inicio-Cohorte-Post\u00edtulo-2019-2020.jpeg 914w\" sizes=\"(max-width: 598px) 100vw, 598px\" \/><\/p>\n<p>&nbsp;<\/p>\n<h4><\/h4>\n<h4 style=\"text-align: center;\">Ya est\u00e1 abierta la Inscripci\u00f3n al Post\u00edtulo de Especializaci\u00f3n Docente de Nivel Superior en Pol\u00edticas de Infancia<\/h4>\n<p>&nbsp;<\/p>\n<p style=\"text-align: center;\"><a href=\"https:\/\/ens2-caba.infd.edu.ar\/sitio\/wp-content\/uploads\/2019\/09\/POST\u00cdTULO-Inscripci\u00f3n-2019.pdf\">Informaci\u00f3n para la inscripci\u00f3n <\/a><\/p>\n<p style=\"text-align: center;\"><a href=\"https:\/\/docs.google.com\/forms\/d\/e\/1FAIpQLSdPiLdHgZF9YaM2_hv79yo9PU097cgLuEFHnRCTv_MaeBRtww\/viewform\">Link directo para la inscripci\u00f3n<\/a><\/p>\n<h2><\/h2>\n<p>&nbsp;<\/p>\n","protected":false},"excerpt":{"rendered":"<p>\u00a0 Este\u00a0s\u00e1bado 26\/10\u00a0a las\u00a09hs\u00a0comienza la\u00a0primera clase del Post\u00edtulo \u00abPol\u00edticas de Infancia\u00bb. Este encuentro se realizar\u00e1 en la\u00a0UMET\u00a0(Sarmiento 2037, subsuelo). \u00a1Bienvenides! Equipo Pedag\u00f3gico &nbsp; Ya est\u00e1 abierta la Inscripci\u00f3n al Post\u00edtulo de Especializaci\u00f3n Docente de Nivel Superior en Pol\u00edticas de Infancia &nbsp; Informaci\u00f3n para la inscripci\u00f3n Link directo para la inscripci\u00f3n &nbsp;<\/p>\n","protected":false},"author":4,"featured_media":0,"parent":0,"menu_order":0,"comment_status":"closed","ping_status":"closed","template":"","meta":[],"acf":[],"_links":{"self":[{"href":"https:\/\/ens2-caba.infd.edu.ar\/sitio\/wp-json\/wp\/v2\/pages\/1767"}],"collection":[{"href":"https:\/\/ens2-caba.infd.edu.ar\/sitio\/wp-json\/wp\/v2\/pages"}],"about":[{"href":"https:\/\/ens2-caba.infd.edu.ar\/sitio\/wp-json\/wp\/v2\/types\/page"}],"author":[{"embeddable":true,"href":"https:\/\/ens2-caba.infd.edu.ar\/sitio\/wp-json\/wp\/v2\/users\/4"}],"replies":[{"embeddable":true,"href":"https:\/\/ens2-caba.infd.edu.ar\/sitio\/wp-json\/wp\/v2\/comments?post=1767"}],"version-history":[{"count":7,"href":"https:\/\/ens2-caba.infd.edu.ar\/sitio\/wp-json\/wp\/v2\/pages\/1767\/revisions"}],"predecessor-version":[{"id":2104,"href":"https:\/\/ens2-caba.infd.edu.ar\/sitio\/wp-json\/wp\/v2\/pages\/1767\/revisions\/2104"}],"wp:attachment":[{"href":"https:\/\/ens2-caba.infd.edu.ar\/sitio\/wp-json\/wp\/v2\/media?parent=1767"}],"curies":[{"name":"wp","href":"https:\/\/api.w.org\/{rel}","templated":true}]}}